ided by 28?
25
What is the remainder when 599 is divided by 91?
53
Calculate the remainder when 23178 is divided by 95.
93
What is the remainder when 220 is divided by 45?
40
Calculate the remainder when 949 is divided by 85.
14
Calculate the remainder when 447 is divided by 172.
103
What is the remainder when 11426 is divided by 45?
41
Calculate the remainder when 197 is divided by 120.
77
Calculate the remainder when 478 is divided by 15.
13
What is the remainder when 10762 is divided by 3583?
13
What is the remainder when 103 is divided by 53?
50
What is the remainder when 9589 is divided by 35?
34
Calculate the remainder when 144 is divided by 25.
19
What is the remainder when 482 is divided by 9?
5
What is the remainder when 1822 is divided by 12?
10
Calculate the remainder when 80 is divided by 14.
10
Calculate the remainder when 1301 is divided by 187.
179
What is the remainder when 1138 is divided by 189?
4
What is the remainder when 1462 is divided by 150?
112
Calculate the remainder when 173 is divided by 107.
66
What is the remainder when 172 is divided by 51?
19
What is the remainder when 35 is divided by 4?
3
What is the remainder when 5450 is divided by 116?
114
Calculate the remainder when 380 is divided by 100.
80
Calculate the remainder when 310 is divided by 24.
22
Calculate the remainder when 1236 is divided by 309.
0
What is the remainder when 898 is divided by 9?
7
What is the remainder when 3399 is divided by 100?
99
What is the remainder when 163 is divided by 24?
19
What is the remainder when 49 is divided by 26?
23
Calculate the remainder when 826 is divided by 166.
162
What is the remainder when 681 is divided by 26?
5
Calculate the remainder when 792 is divided by 391.
10
What is the remainder when 684 is divided by 95?
19
Calculate the remainder when 203 is divided by 139.
64
What is the remainder when 3298 is divided by 30?
28
What is the remainder when 6864 is divided by 21?
18
Calculate the remainder when 696 is divided by 178.
162
Calculate the remainder when 420 is divided by 66.
24
Calculate the remainder when 47 is divided by 4.
3
What is the remainder when 962 is divided by 86?
16
What is the remainder when 1287 is divided by 30?
27
Calculate the remainder when 580 is divided by 53.
50
What is the remainder when 926 is divided by 9?
8
What is the remainder when 545 is divided by 88?
17
What is the remainder when 276 is divided by 66?
12
Calculate the remainder when 5126 is divided by 1707.
5
Calculate the remainder when 32073 is divided by 132.
129
What is the remainder when 1790 is divided by 69?
65
Calculate the remainder when 1115 is divided by 223.
0
What is the remainder when 81 is divided by 30?
21
What is the remainder when 2197 is divided by 75?
22
Calculate the remainder when 3215 is divided by 455.
30
Calculate the remainder when 218 is divided by 20.
18
Calculate the remainder when 546 is divided by 182.
0
Calculate the remainder when 333 is divided by 84.
81
What is the remainder when 438 is divided by 54?
6
What is the remainder when 264 is divided by 243?
21
What is the remainder when 1590 is divided by 200?
190
Calculate the remainder when 509 is divided by 15.
14
What is the remainder when 257 is divided by 202?
55
Calculate the remainder when 743 is divided by 153.
131
What is the remainder when 1327 is divided by 181?
60
What is the remainder when 57 is divided by 2?
1
Calculate the remainder when 2909 is divided by 575.
34
What is the remainder when 81 is divided by 47?
34
Calculate the remainder when 1138 is divided by 37.
28
Calculate the remainder when 8671 is divided by 263.
255
What is the remainder when 1246 is divided by 160?
126
What is the remainder when 105 is divided by 32?
9
What is the remainder when 400 is divided by 91?
36
Calculate the remainder when 823 is divided by 263.
34
Calculate the remainder when 3768 is divided by 1864.
40
Calculate the remainder when 2272 is divided by 5.
2
What is the remainder when 312 is divided by 15?
12
Calculate the remainder when 137 is divided by 42.
11
What is the remainder when 316 is divided by 121?
74
What is the remainder when 425 is divided by 154?
117
What is the remainder when 414 is divided by 8?
6
Calculate the remainder when 163 is divided by 59.
45
What is the remainder when 2243 is divided by 21?
17
Calculate the remainder when 950 is divided by 286.
92
What is the remainder when 2257 is divided by 34?
13
What is the remainder when 369 is divided by 187?
182
What is the remainder when 4 is divided by 2?
0
Calculate the remainder when 170 is divided by 22.
16
What is the remainder when 1150 is divided by 127?
7
Calculate the remainder when 100 is divided by 5.
0
Calculate the remainder when 80 is divided by 47.
33
Calculate the remainder when 2250 is divided by 251.
242
Calculate the remainder when 284 is divided by 23.
8
Calculate the remainder when 29 is divided by 16.
13
What is the remainder when 367 is divided by 37?
34
What is the remainder when 284 is divided by 12?
8
What is the remainder when 30 is divided by 8?
6
What is the remainder when 1962 is divided by 247?
233
Calculate the remainder when 401 is divided by 21.
2
What is the remainder when 246 is divided by 33?
15
Calculate the remainder when 2452 is divided by 82.
74
Calculate the remainder when 7116 is divided by 63.
60
Calculate the remainder when 1369 is divided by 196.
193
What is the remainder when 11439 is divided by 143?
142
Calculate the remainder when 4856 is divided by 46.
26
What is the remainder when 593 is divided by 44?
21
Calculate the remainder when 87 is divided by 65.
22
Calculate the remainder when 3286 is divided by 4.
2
What is the remainder when 349 is divided by 119?
111
Calculate the remainder when 2833 is divided by 220.
193
Calculate the remainder when 35 is divided by 21.
14
What is the remainder when 229 is divided by 23?
22
Calculate the remainder when 82 is divided by 15.
7
Calculate the remainder when 29 is divided by 3.
2
Calculate the remainder when 93 is divided by 38.
17
Calculate the remainder when 493 is divided by 4.
1
What is the remainder when 847 is divided by 30?
7
What is the remainder when 866 is divided by 23?
15
Calculate the remainder when 82821 is divided by 232.
229
What is the remainder when 676 is divided by 69?
55
What is the remainder when 259 is divided by 65?
64
Calculate the remainder when 139 is divided by 54.
31
What is the remainder when 16256 is divided by 47?
41
Calculate the remainder when 3822 is divided by 1269.
15
What is the remainder when 584 is divided by 42?
38
What is the remainder when 249 is divided by 249?
0
Calculate the remainder when 3997 is divided by 87.
82
What is the remainder when 6357 is divided by 41?
2
What is the remainder when 11328 is divided by 51?
6
Calculate the remainder when 2088 is divided by 130.
8
What is the remainder when 286 is divided by 77?
55
Calculate the remainder when 1198 is divided by 71.
62
Calculate the remainder when 30 is divided by 11.
8
What is the remainder when 99 is divided by 52?
47
What is the remainder when 13088 is divided by 374?
372
What is the remainder when 668 is divided by 112?
108
Calculate the remainder when 249 is divided by 42.
39
What is the remainder when 1021 is divided by 14?
13
What is the remainder when 1312 is divided by 9?
7
Calculate the remainder when 169 is divided by 101.
68
What is the remainder when 248 is divided by 83?
82
What is the remainder when 476 is divided by 8?
4
What is the remainder when 1161 is divided by 15?
6
What is the remainder when 235 is divided by 117?
1
What is the remainder when 465 is divided by 26?
23
What is the remainder when 121 is divided by 46?
29
What is the remainder when 2533 is divided by 15?
13
Calculate the remainder when 686 is divided by 53.
50
What is the remainder when 433 is divided by 32?
17
What is the remainder when 3520 is divided by 13?
10
Calculate the remainder when 71 is divided by 15.
11
Calculate the remainder when 369 is divided by 101.
66
What is the remainder when 457 is divided by 79?
62
Calculate the remainder when 135 is divided by 18.
9
Calculate the remainder when 582 is divided by 349.
233
Calculate the remainder when 1051 is divided by 95.
6
What is the re